te the remainder when l is divided by p.
20
Suppose -3*d - y = -377, 43*d + 4*y + 270 = 45*d. Calculate the remainder when 1547 is divided by d.
23
Let k(u) = 12*u - 24. Let f = -131 - -137. Calculate the remainder when 190 is divided by k(f).
46
Suppose 0 = -55*u - 32*u + 32177 - 422. Calculate the remainder when 2193 is divided by u.
3
Let s(z) = -z**2 - 9*z - 10. Let r be s(-8). Let l(x) = 4*x + 79. Calculate the remainder when l(0) is divided by ((-3)/r)/(6/64).
15
What is the remainder when 712 is divided by (221/(-117))/(9/(-81))?
15
Suppose -q - 8 = 84. Let s = q - -190. Let d = 17 + s. What is the remainder when d is divided by 29?
28
Suppose -5*a - 2*h = -10, -a + 2*h + 24 = -2*h. Suppose -d + 75 = -2*o, -3*o + a*o - 3*d = -45. Let s = o + 48. Calculate the remainder when 70 is divided by s.
10
Suppose -35*g + 11*g = -72. Let z be (-3 - 5/(-2))*-202. Suppose -5*f - g*w - 12 = -z, 3*f - 54 = -2*w. What is the remainder when f is divided by 9?
7
Suppose -k = 5*q - 8, -3*q + 21 = 2*k - 9. Calculate the remainder when (132/30)/(2/5)*2 is divided by k.
4
Let y(m) = m**2 + 25*m + 108. Let w be y(-25). Suppose 540 - w = 12*a. Calculate the remainder when 247 is divided by a.
31
Suppose -63*t + 3392 + 1733 = -1427. Calculate the remainder when 13413 is divided by t.
101
Suppose -102*t - 7*t + 6716 = -42. What is the remainder when 75 is divided by t?
13
Suppose -3*q = 5*g - 1, 4*q + 0*q + g - 7 = 0. Suppose 5*y - 434 = z, 5*z - 38 = q*y - 230. Calculate the remainder when y is divided by 8.
6
Suppose -98 = -20*f + 6*f. Calculate the remainder when (f - 3) + 32*(-9)/(-2) is divided by 17.
12
Suppose -18*r + 21*r = -684. Let l = r - -264. Calculate the remainder when l is divided by 29.
7
Suppose -4 = 4*k + 4. Let l(z) = z**3 - 5*z - 4. Let x be l(k). What is the remainder when 99 is divided by x*2*125/(-20)?
24
Let q(i) = i**3 + i**2 + 6*i - 8. Suppose 7 - 11 = -g + 2*a, -2*g + 5 = -a. What is the remainder when 93 is divided by q(g)?
13
Let r(s) = 18*s + 182. Let b(n) = -9*n - 90. Let q(h) = -5*b(h) - 2*r(h). Calculate the remainder when q(12) is divided by 40.
34
Let a(h) = h**2 - 4*h + 348. Calculate the remainder when a(0) is divided by 84.
12
Suppose 0 = 2*t + m - 118, 3*t + 4*m - 64 = 108. Suppose -8*y = -4*y - 2*y - 8, 3*o + 3*y - 105 = 0. What is the remainder when t is divided by o?
29
Let s(d) = -d**3 - 6*d**2 - 7*d + 16. Let z be 5*(-9)/18*(4 - 2). Calculate the remainder when 126 is divided by s(z).
22
Let l = -9516 - -9604. What is the remainder when 303 is divided by l?
39
Let u(c) = -c. Let w(l) = -2*l**2 - 24*l + 24. What is the remainder when w(-10) is divided by u(-17)?
13
Let w = -3090 + 3401. What is the remainder when w is divided by 51?
5
Calculate the remainder when (852/(-20) + 6)/(9/(-75)) is divided by 111.
83
Suppose 4*k = -q - q + 18, 2*q + 5*k - 23 = 0. Let r = q + 40. Calculate the remainder when r is divided by 7 - (-7)/((-277)/(-15) - 18).
17
Let l = -15228 - -15314. Calculate the remainder when l is divided by 7.
2
Suppose 41*i + 3128 = 133*i. What is the remainder when i is divided by 29?
5
Suppose 31*f - 26*f - 5 = 0, 5*i = 5*f + 4230. What is the remainder when i is divided by 45?
37
Let i(k) = -4*k + 1. Let s be i(-2). Let y be 6/(-7) + 432/(-84). What is the remainder when 50 is divided by ((-78)/s)/(4/y)?
11
Let w(n) = -35*n**2 - 4*n - 2. Let j be w(-1). Let x be (4/6)/(j/(-2178)). Suppose -x + 83 = 3*f. Calculate the remainder when 22 is divided by f.
9
Suppose -2*w = 2*a + 2*w - 172, 5*a - 415 = -5*w. What is the remainder when 1103 is divided by a?
63
Let k(m) = -12*m**2 + 25*m + 7. Let i(d) = 22*d**2 - 52*d - 15. Let z(f) = 3*i(f) + 5*k(f). What is the remainder when z(8) is divided by 66?
60
Suppose -w - 3*v + 55 = 0, 3*v - 328 = -4*w - 135. Calculate the remainder when 383 is divided by w.
15
Let i(m) = 5*m + 224. Calculate the remainder when 864 is divided by i(-2).
8
Let f(n) = 590*n + 4789. What is the remainder when 357 is divided by f(-8)?
12
Suppose 109*x - 464 = 912 + 259. What is the remainder when 313 is divided by x?
13
Suppose 2*x + 2 + 1 = -v, -3*v + 6 = x. Suppose 2*w - 45 = 3*s, v*w - 3*s - 89 + 17 = 0. What is the remainder when 89 is divided by w?
8
What is the remainder when 147 is divided by (39 + -48)/(3/(-5))?
12
Suppose -5*c = -4*y - 2 + 14, y - 3 = 4*c. Suppose 2*r - 43 + 17 = c. Calculate the remainder when r is divided by (-2 - (-10)/(-3))*(-12)/8.
5
Let j(s) = s + 6. Let n be j(-4). Let m be 70/3*27/18. Suppose n*q - 3*r + 2*r = 47, 0 = -2*q - 3*r + m. Calculate the remainder when q is divided by 5.
2
Let t be ((-15)/12)/(1/(-4)). Let y be ((-4)/t)/((-2)/10). Suppose 40 = n - 3*g, 2*g - 13 = -y*n + 133. What is the remainder when n is divided by 10?
7
Let g = 69 - 66. Suppose 4*u + 3*f - 76 = 0, -4*f - 28 = -g*u + 29. What is the remainder when 130 is divided by u?
16
Let r be ((-3)/(-2))/((-22)/(-176)). Calculate the remainder when (-6 - (-161)/28) + 435/r is divided by 134/10 + 4/(-10).
10
Suppose -17*b = -16*b + 4. What is the remainder when 326 is divided by ((-82)/b)/((-68)/8 + 9)?
39
Suppose -4*f = 295*i - 287*i - 292, -2*i = -5*i. Calculate the remainder when 1251 is divided by f.
10
Suppose c + 32 = 4*u - 20, -2*u = -5*c - 8. Suppose 0 = 5*f - 4*h - 10, 3*f - 4*h = u. Calculate the remainder when 56 is divided by (-256)/12*6/(-4) + f.
26
Suppose -3*z - 25 = -8*z. Suppose 0 = -z*m - 19*m + 384. What is the remainder when m is divided by 13?
3
Let i be 270/38 + (-10)/95. Suppose 21 = i*q - 63. Suppose 3*k + 0*u + 5*u = 159, 2*k + 3*u = 107. What is the remainder when k is divided by q?
10
Suppose 0 = -y + 3200 + 414. Suppose 33*w = 7*w + y. What is the remainder when w is divided by 18?
13
Let f = 8747 + -8712. What is the remainder when 2131 is divided by f?
31
Let g be 208/4 + 3 + (11 - 7). Suppose 12*q - 599 + g = 0. What is the remainder when q is divided by 6?
3
Let h(o) = 2*o**2 + o + 78. Calculate the remainder when 470 is divided by h(-9).
8
Let s(n) = n**3 - 50*n**2 - 210*n - 361. Calculate the remainder when s(55) is divided by 134.
132
Let h be ((-1611)/(-3))/((-2)/(-6)). Calculate the remainder when (h/6)/(5 + (-36)/8) is divided by 15.
12
Let d = -119 - -310. Suppose 9*j - 89*j = -2560. Calculate the remainder when d is divided by j.
31
Suppose 17 = -2*s + 3*y - 2, -2*y = -s - 12. Calculate the remainder when (-117)/(-36) + s/8 is divided by (-3)/(-6 + 3) + 5/5.
1
Calculate the remainder when (-6*20/90)/((-8)/10068) is divided by 555.
13
Let y(w) = -2*w**3 - 6*w**2 - w + 1677. What is the remainder when y(0) is divided by 416?
13
Let q be (-11)/(-4) - 4/(96/18). What is the remainder when 47 is divided by q - (-28 - -7) - -5?
19
Suppose 8*f - 7616 - 3238 = 4018. Calculate the remainder when f is divided by 94.
73
Suppose 2*a + 0*q - 80 = 4*q, -185 = -5*a + 5*q. What is the remainder when 199 is divided by a - (-99)/22*8/6?
39
Suppose 0 = 1629*c - 1628*c - 4. What is the remainder when 181 is divided by c?
1
Suppose 0 = -2*a + 8, 3*u - 226 - 205 = -2*a. What is the remainder when u is divided by (-32)/(-6)*27/2?
69
Let p = -1720 - -2061. Calculate the remainder when p is divided by 4.
1
Let a be 2/(-7) - (-7)/((-245)/(-10)). Calculate the remainder when 2 + a - (-10 - (5 + 134)) is divided by 17.
15
Suppose -4*y + 52 = -2*b, 49*b - 44*b = 2*y - 18. Calculate the remainder when (-250)/(-6) + (-6)/9 is divided by y.
13
Suppose -b = 3*w + 12 - 56, -2*w = 4*b - 36. Calculate the remainder when -4 - (-206 - 4/1) is divided by w.
10
Suppose 0 = -184*q - 99*q - 2655 + 34351. What is the remainder when 3469 is divided by q?
109
Suppose 539 = 11*v - 0*v. Calculate the remainder when v is divided by 8 + 3/(-12) + 153/36.
1
Let r(d) = 15*d + 5. Let g be r(0). Suppose -5*a + g*w = -60, 5*a + 3*w - w = 95. What is the remainder when 200 is divided by a?
13
Let u = -377 - -745. Calculate the remainder when u is divided by 181.
6
Let f(g) = -g + 36. Let s = -14 - -7. Calculate the remainder when f(s) is divided by 15.
13
Let f = 96 - 56. Suppose 40*o = 44*o. Suppose o = c - 0*c - 14. Calculate the remainder when f is divided by c.
12
Suppose 2*m + 2*a = 3342 - 3122, m = -3*a + 120. Suppose 0 = b + 2 - 21. What is the remainder when m is divided by b?
10
Let g(s) = -5